by 418.
4
What is the remainder when 201 is divided by 14?
5
Calculate the remainder when 103 is divided by 27.
22
What is the remainder when 99 is divided by 35?
29
What is the remainder when 2618 is divided by 37?
28
Calculate the remainder when 1246 is divided by 36.
22
What is the remainder when 252 is divided by 26?
18
What is the remainder when 3684 is divided by 92?
4
What is the remainder when 191 is divided by 68?
55
Calculate the remainder when 558 is divided by 7.
5
Calculate the remainder when 173 is divided by 11.
8
What is the remainder when 417 is divided by 226?
191
Calculate the remainder when 1631 is divided by 86.
83
What is the remainder when 29709 is divided by 48?
45
Calculate the remainder when 207 is divided by 70.
67
Calculate the remainder when 47 is divided by 11.
3
Calculate the remainder when 93 is divided by 9.
3
Calculate the remainder when 114 is divided by 13.
10
Calculate the remainder when 6136 is divided by 99.
97
What is the remainder when 696 is divided by 223?
27
Calculate the remainder when 2109 is divided by 33.
30
Calculate the remainder when 486 is divided by 95.
11
Calculate the remainder when 197 is divided by 69.
59
Calculate the remainder when 1205 is divided by 22.
17
What is the remainder when 132 is divided by 34?
30
What is the remainder when 576 is divided by 139?
20
Calculate the remainder when 805 is divided by 27.
22
Calculate the remainder when 125 is divided by 54.
17
Calculate the remainder when 142 is divided by 43.
13
What is the remainder when 118 is divided by 25?
18
What is the remainder when 1320 is divided by 49?
46
Calculate the remainder when 1187 is divided by 1163.
24
Calculate the remainder when 410 is divided by 255.
155
Calculate the remainder when 736 is divided by 25.
11
What is the remainder when 4974 is divided by 3?
0
Calculate the remainder when 103 is divided by 21.
19
Calculate the remainder when 478 is divided by 157.
7
What is the remainder when 3614 is divided by 37?
25
Calculate the remainder when 28484 is divided by 211.
210
Calculate the remainder when 45 is divided by 10.
5
Calculate the remainder when 2540 is divided by 634.
4
What is the remainder when 374 is divided by 170?
34
What is the remainder when 228 is divided by 58?
54
Calculate the remainder when 242 is divided by 63.
53
Calculate the remainder when 153 is divided by 77.
76
What is the remainder when 467 is divided by 77?
5
What is the remainder when 76 is divided by 21?
13
Calculate the remainder when 53 is divided by 22.
9
Calculate the remainder when 296 is divided by 100.
96
What is the remainder when 57 is divided by 27?
3
What is the remainder when 1007 is divided by 18?
17
What is the remainder when 5332 is divided by 198?
184
Calculate the remainder when 192 is divided by 13.
10
What is the remainder when 611 is divided by 19?
3
What is the remainder when 317 is divided by 27?
20
What is the remainder when 46 is divided by 22?
2
Calculate the remainder when 260 is divided by 125.
10
Calculate the remainder when 879 is divided by 42.
39
Calculate the remainder when 562 is divided by 125.
62
What is the remainder when 239 is divided by 35?
29
Calculate the remainder when 1390 is divided by 389.
223
Calculate the remainder when 4131 is divided by 4.
3
What is the remainder when 341 is divided by 207?
134
What is the remainder when 7172 is divided by 35?
32
Calculate the remainder when 173 is divided by 11.
8
What is the remainder when 104 is divided by 41?
22
Calculate the remainder when 2088 is divided by 51.
48
What is the remainder when 377 is divided by 23?
9
What is the remainder when 424 is divided by 323?
101
What is the remainder when 388 is divided by 93?
16
Calculate the remainder when 754 is divided by 124.
10
Calculate the remainder when 265 is divided by 68.
61
What is the remainder when 328 is divided by 102?
22
What is the remainder when 277 is divided by 35?
32
What is the remainder when 23 is divided by 21?
2
Calculate the remainder when 312 is divided by 154.
4
Calculate the remainder when 860 is divided by 145.
135
Calculate the remainder when 24 is divided by 24.
0
Calculate the remainder when 280 is divided by 99.
82
What is the remainder when 610 is divided by 68?
66
Calculate the remainder when 13982 is divided by 19.
17
What is the remainder when 1272 is divided by 85?
82
What is the remainder when 546 is divided by 180?
6
Calculate the remainder when 1213 is divided by 15.
13
What is the remainder when 28 is divided by 10?
8
Calculate the remainder when 6727 is divided by 58.
57
What is the remainder when 59 is divided by 5?
4
Calculate the remainder when 150 is divided by 38.
36
What is the remainder when 12480 is divided by 6238?
4
What is the remainder when 69 is divided by 27?
15
Calculate the remainder when 54 is divided by 19.
16
Calculate the remainder when 34 is divided by 19.
15
Calculate the remainder when 457 is divided by 112.
9
What is the remainder when 2067 is divided by 22?
21
What is the remainder when 300 is divided by 24?
12
Calculate the remainder when 831 is divided by 254.
69
What is the remainder when 2285 is divided by 17?
7
Calculate the remainder when 55497 is divided by 370.
367
What is the remainder when 9868 is divided by 14?
12
What is the remainder when 582 is divided by 71?
14
What is the remainder when 524 is divided by 262?
0
Calculate the remainder when 1353 is divided by 194.
189
Calculate the remainder when 114 is divided by 51.
12
What is the remainder when 531 is divided by 76?
75
What is the remainder when 2726 is divided by 124?
122
Calculate the remainder when 2346 is divided by 98.
92
What is the remainder when 10888 is divided by 121?
119
What is the remainder when 530 is divided by 20?
10
Calculate the remainder when 2771 is divided by 691.
7
Calculate the remainder when 211 is divided by 66.
13
Calculate the remainder when 421 is divided by 24.
13
What is the remainder when 106 is divided by 6?
4
What is the remainder when 71 is divided by 20?
11
What is the remainder when 805 is divided by 29?
22
Calculate the remainder when 1216 is divided by 53.
50
Calculate the remainder when 1914 is divided by 71.
68
What is the remainder when 2047 is divided by 341?
1
What is the remainder when 4462 is divided by 1484?
10
Calculate the remainder when 713 is divided by 690.
23
What is the remainder when 289 is divided by 66?
25
What is the remainder when 417 is divided by 71?
62
Calculate the remainder when 459 is divided by 77.
74
Calculate the remainder when 54 is divided by 4.
2
What is the remainder when 268 is divided by 16?
12
Calculate the remainder when 117 is divided by 23.
2
What is the remainder when 1353 is divided by 228?
213
What is the remainder when 15411 is divided by 376?
371
What is the remainder when 5035 is divided by 28?
23
What is the remainder when 452 is divided by 57?
53
Calculate the remainder when 910 is divided by 76.
74
What is the remainder when 898 is divided by 60?
58
What is the remainder when 96 is divided by 4?
0
What is the remainder when 509 is divided by 105?
89
What is the remainder when 56 is divided by 18?
2
Calculate the remainder when 125 is divided by 8.
5
What is the remainder when 10612 is divided by 55?
52
What is the remainder when 1457 is divided by 146?
143
What is the remainder when 711 is divided by 104?
87
Calculate the remainder when 440 is divided by 108.
8
Calculate the remainder when 454 is divided by 448.
6
What is the remainder when 224 is divided by 210?
14
Calculate the remainder when 425 is divided by 107.
104
What is the remainder when 499 is divided by 25?
24
Calculate the remainder when 3264 is divided by 71.
69
Calculate the remainder when 399 is divided by 87.
51
What is the remainder when 6425 is divided by 21?
20
What is the remainder when 5630 is divided by 44?
42
What is the remainder when 21 is divided by 12?
9
What is the remainder when 40 is divided by 14?
12
Calculate the remainder when 5146 is divided by 66.
64
Calculate the remainder when 121 is divided by 26.
17
Calculate the remainder when 97 is divided by 27.
16
Calculate the remainder when 739 is divided by 13.
11
What is the remainder when 1295 is divided by 48?
47
Calculate the remainder when 42